ed by 16.
9
What is the remainder when 188 is divided by 66?
56
Calculate the remainder when 164 is divided by 78.
8
Calculate the remainder when 365 is divided by 297.
68
What is the remainder when 1153 is divided by 68?
65
Calculate the remainder when 443 is divided by 37.
36
What is the remainder when 4424 is divided by 59?
58
What is the remainder when 1680 is divided by 280?
0
What is the remainder when 51 is divided by 22?
7
What is the remainder when 23 is divided by 4?
3
What is the remainder when 3953 is divided by 86?
83
Calculate the remainder when 5322 is divided by 25.
22
Calculate the remainder when 473 is divided by 122.
107
What is the remainder when 23397 is divided by 150?
147
Calculate the remainder when 198 is divided by 58.
24
What is the remainder when 448 is divided by 10?
8
What is the remainder when 102 is divided by 36?
30
Calculate the remainder when 258 is divided by 52.
50
What is the remainder when 1644 is divided by 75?
69
Calculate the remainder when 193 is divided by 70.
53
What is the remainder when 284 is divided by 26?
24
What is the remainder when 158 is divided by 32?
30
Calculate the remainder when 23291 is divided by 112.
107
What is the remainder when 416 is divided by 105?
101
Calculate the remainder when 1359 is divided by 333.
27
Calculate the remainder when 821 is divided by 21.
2
What is the remainder when 704 is divided by 347?
10
What is the remainder when 7522 is divided by 114?
112
What is the remainder when 600 is divided by 54?
6
What is the remainder when 7780 is divided by 229?
223
Calculate the remainder when 2367 is divided by 475.
467
Calculate the remainder when 43 is divided by 38.
5
Calculate the remainder when 628 is divided by 159.
151
What is the remainder when 789 is divided by 60?
9
Calculate the remainder when 194 is divided by 41.
30
What is the remainder when 3149 is divided by 10?
9
What is the remainder when 18574 is divided by 216?
214
Calculate the remainder when 606 is divided by 19.
17
Calculate the remainder when 3984 is divided by 57.
51
What is the remainder when 101 is divided by 6?
5
Calculate the remainder when 2443 is divided by 15.
13
Calculate the remainder when 4428 is divided by 5.
3
What is the remainder when 2332 is divided by 146?
142
What is the remainder when 118 is divided by 11?
8
Calculate the remainder when 3768 is divided by 101.
31
What is the remainder when 2129 is divided by 79?
75
Calculate the remainder when 12359 is divided by 47.
45
What is the remainder when 483 is divided by 9?
6
What is the remainder when 110 is divided by 89?
21
Calculate the remainder when 77 is divided by 38.
1
Calculate the remainder when 566 is divided by 22.
16
Calculate the remainder when 1498 is divided by 167.
162
What is the remainder when 457 is divided by 452?
5
Calculate the remainder when 86 is divided by 53.
33
Calculate the remainder when 95 is divided by 24.
23
Calculate the remainder when 9 is divided by 7.
2
What is the remainder when 4735 is divided by 64?
63
Calculate the remainder when 147 is divided by 36.
3
What is the remainder when 7933 is divided by 496?
493
Calculate the remainder when 280 is divided by 139.
2
Calculate the remainder when 1213 is divided by 26.
17
What is the remainder when 3839 is divided by 96?
95
What is the remainder when 178 is divided by 6?
4
What is the remainder when 166 is divided by 25?
16
Calculate the remainder when 1750 is divided by 93.
76
What is the remainder when 574 is divided by 57?
4
What is the remainder when 211 is divided by 135?
76
What is the remainder when 132 is divided by 17?
13
Calculate the remainder when 10474 is divided by 12.
10
Calculate the remainder when 148 is divided by 80.
68
Calculate the remainder when 335 is divided by 55.
5
Calculate the remainder when 619 is divided by 52.
47
Calculate the remainder when 108 is divided by 47.
14
Calculate the remainder when 511 is divided by 35.
21
What is the remainder when 442 is divided by 37?
35
Calculate the remainder when 230 is divided by 47.
42
What is the remainder when 4717 is divided by 39?
37
What is the remainder when 754 is divided by 7?
5
What is the remainder when 474 is divided by 47?
4
Calculate the remainder when 2771 is divided by 84.
83
What is the remainder when 5649 is divided by 39?
33
Calculate the remainder when 13938 is divided by 5.
3
Calculate the remainder when 33150 is divided by 16.
14
What is the remainder when 661 is divided by 21?
10
Calculate the remainder when 1438 is divided by 203.
17
Calculate the remainder when 232 is divided by 47.
44
Calculate the remainder when 13931 is divided by 162.
161
What is the remainder when 210 is divided by 55?
45
Calculate the remainder when 10093 is divided by 15.
13
What is the remainder when 3188 is divided by 29?
27
What is the remainder when 202 is divided by 29?
28
What is the remainder when 57 is divided by 55?
2
Calculate the remainder when 9767 is divided by 37.
36
What is the remainder when 520 is divided by 11?
3
What is the remainder when 126 is divided by 81?
45
What is the remainder when 276 is divided by 6?
0
Calculate the remainder when 49 is divided by 13.
10
What is the remainder when 94 is divided by 19?
18
Calculate the remainder when 51 is divided by 16.
3
Calculate the remainder when 558 is divided by 22.
8
Calculate the remainder when 784 is divided by 72.
64
Calculate the remainder when 10372 is divided by 182.
180
Calculate the remainder when 267 is divided by 98.
71
Calculate the remainder when 6610 is divided by 22.
10
What is the remainder when 203 is divided by 13?
8
Calculate the remainder when 225 is divided by 12.
9
What is the remainder when 392 is divided by 36?
32
What is the remainder when 209 is divided by 30?
29
What is the remainder when 1997 is divided by 15?
2
What is the remainder when 296 is divided by 20?
16
Calculate the remainder when 36 is divided by 17.
2
What is the remainder when 349 is divided by 4?
1
Calculate the remainder when 2575 is divided by 324.
307
What is the remainder when 346 is divided by 24?
10
Calculate the remainder when 698 is divided by 208.
74
Calculate the remainder when 80 is divided by 7.
3
Calculate the remainder when 529 is divided by 177.
175
Calculate the remainder when 273 is divided by 69.
66
Calculate the remainder when 43 is divided by 21.
1
Calculate the remainder when 202 is divided by 198.
4
What is the remainder when 295 is divided by 104?
87
Calculate the remainder when 1077 is divided by 24.
21
Calculate the remainder when 1438 is divided by 144.
142
Calculate the remainder when 540 is divided by 212.
116
What is the remainder when 393 is divided by 103?
84
Calculate the remainder when 123 is divided by 3.
0
What is the remainder when 169 is divided by 54?
7
What is the remainder when 435 is divided by 9?
3
Calculate the remainder when 175 is divided by 102.
73
Calculate the remainder when 543 is divided by 49.
4
What is the remainder when 141 is divided by 16?
13
Calculate the remainder when 330 is divided by 24.
18
Calculate the remainder when 259 is divided by 29.
27
Calculate the remainder when 981 is divided by 203.
169
Calculate the remainder when 688 is divided by 10.
8
What is the remainder when 5137 is divided by 9?
7
Calculate the remainder when 668 is divided by 14.
10
What is the remainder when 94 is divided by 25?
19
Calculate the remainder when 26 is divided by 18.
8
Calculate the remainder when 97 is divided by 30.
7
Calculate the remainder when 345 is divided by 25.
20
What is the remainder when 2543 is divided by 67?
64
Calculate the remainder when 2963 is divided by 1474.
15
What is the remainder when 878 is divided by 63?
59
Calculate the remainder when 3318 is divided by 100.
18
What is the remainder when 34 is divided by 4?
2
Calculate the remainder when 47492 is divided by 59.
56
Calculate the remainder when 32 is divided by 25.
7
Calculate the remainder when 82 is divided by 15.
7
What is the remainder when 65 is divided by 2?
1
What is the remainder when 494 is divided by 71?
68
Calculate the remainder when 40 is divided by 22.
18
Calculate the remainder when 283 is divided by 12.
7
What is the remainder when 55 is divided by 7?
6
What is the remainder when 490 is divi